-4*n, -f - 3*n = 3 - 68. What is the units digit of f?
2
Let j be 10885/25 + 2/(-5). Suppose b - j = -4*b. What is the units digit of b?
7
Let a = -188 + 347. Suppose -4*j + o = -a, -144 - 42 = -5*j - 3*o. What is the units digit of j?
9
Let w(s) = -s**2 + 32*s - 54. What is the hundreds digit of w(20)?
1
Let g(p) = -3*p - 20. Suppose -71 - 10 = 9*d. What is the units digit of g(d)?
7
What is the units digit of (567/14)/((-8)/(-112))?
7
Let d(s) = s**2 + 7*s + 6. Let m be d(-5). Let j = m + 10. What is the units digit of 148/3 + j/(-18)?
9
What is the hundreds digit of -5 + ((-16)/(-24))/(4/2058)?
3
Suppose 5*f - 3*f = -206. Let y = -38 - f. What is the tens digit of y?
6
Suppose 5*z - 2*v + v = 8, 4*z + 3*v + 5 = 0. What is the tens digit of (-8 + 246/(-30))/(z/(-15))?
4
Suppose -5*r = -4*h - 3332, 2*r + 0*h = 2*h + 1334. What is the tens digit of r?
6
Let b(l) = 19*l**3 - 7*l**2 - 2*l. Let u(s) = -38*s**3 + 13*s**2 + 4*s. Let i(p) = 11*b(p) + 6*u(p). What is the units digit of i(-1)?
8
Let y = 2409 - 960. What is the tens digit of y?
4
Suppose -4 - 2 = -3*r. Suppose -2*m = -5*m + r*q + 82, 2*m = -3*q + 33. Suppose 0 = -5*z + 194 - m. What is the tens digit of z?
3
What is the units digit of 10098/(-36)*(-8)/3 - 4?
4
Suppose 5*t + f + 2*f = 316, 244 = 4*t - 2*f. Let o = t - -3. What is the tens digit of o?
6
Suppose -3*z - 10 = -8*z. Let v = -27 + 82. Suppose -z*q = -0*y + 5*y - 210, v = y + 3*q. What is the tens digit of y?
4
Suppose -3*f = -5*t + 16, f - 2*f = 3*t - 18. Suppose 2*y - 4*y + a + 114 = 0, -t*y + a + 282 = 0. What is the units digit of y?
6
What is the tens digit of 1/(60/45 - 3731/2799)?
9
Let t = 29 + -29. Suppose -3*p + 6 = -t. Suppose 0 = p*a - 63 + 1. What is the units digit of a?
1
Let y(k) = k**3 - 10*k**2 + 8*k + 5. Let d be y(10). Let m = 36 + d. What is the units digit of m?
1
Suppose -5*y = -3*n - 114, 3*y + 0*y = 3*n + 66. What is the units digit of 60/y*8/10?
2
Let f(y) = -7*y**3 + 31*y**2 + 23*y - 28. Let t(l) = 3*l**3 - 15*l**2 - 12*l + 14. Let j(q) = 2*f(q) + 5*t(q). What is the tens digit of j(14)?
1
Let j(k) = -k**3 + 5*k**2 - 5*k + 6. Let d be j(4). Suppose -d*q - 4 = -4*m, 4*m + 3*q = m + 12. What is the units digit of m*-9*2/(-4)?
9
Suppose -2*q + 23 - 1 = 0. Let d(n) = n**3 - 10*n**2 - 8*n - 6. What is the units digit of d(q)?
7
Suppose 68 = 2*i - 5*l - 203, 5*i - 712 = l. What is the tens digit of i?
4
Let t(h) be the first derivative of -6*h - 6*h + 8 - 11*h**2 + 15*h**2. What is the tens digit of t(7)?
4
Suppose 2507 + 3628 = 5*k. What is the hundreds digit of k?
2
Suppose 3*m - 9 = -c, -4*c = 2*m - 0*m - 16. Suppose -d + 2*d - x = 96, 0 = 5*d - m*x - 486. What is the units digit of d?
8
Let y(z) = -z - 11. Let o(d) = 7*d + 7. Let a be o(-3). Let g be y(a). Suppose f + 0*f = h - 39, 3*h + g*f - 135 = 0. What is the units digit of h?
2
Let z(n) = -2*n**3 + 2 + n**2 - n**3 - 1 + 0 + 2*n. Let s be z(-1). Suppose -s*d + 132 = -0*d. What is the units digit of d?
4
Let q = 6 - 1. Suppose q*z = -3*v + 49, v + z = -3*v + 54. What is the units digit of (-6)/((-1)/(v + -4))?
4
Let m(x) = -16*x**2 - 3. Let r(q) = -65*q**2 - q - 13. Let s(f) = -9*m(f) + 2*r(f). What is the units digit of s(1)?
3
Let i(k) = 5*k**3 + 5*k**2 - 2*k + 59. Let h(u) = -9*u**3 - 9*u**2 + 4*u - 119. Let g(a) = -4*h(a) - 7*i(a). What is the tens digit of g(0)?
6
Let q be 1/1 + 1*12. Suppose -q = -4*k + 3. Suppose 51 = k*l - l. What is the units digit of l?
7
Suppose 0 = 3*w - 6*w + 21. Let q = -5 + w. Suppose 0 = h - 2*h + q. What is the units digit of h?
2
Let j be (-114)/(-22) - (-30)/(-165). Suppose 90 + 260 = j*b. What is the tens digit of b?
7
Let h(s) = 223*s - 579. What is the hundreds digit of h(18)?
4
Let i(w) = -37*w - 1 + 1 + 10*w - 3. What is the tens digit of i(-3)?
7
Let j(a) = -18*a**2 + 18*a - 38. Let q(w) = 7*w**2 - 7*w + 15. Let i(p) = -5*j(p) - 12*q(p). What is the tens digit of i(3)?
4
Suppose -3 = -2*y + 1, -4*d = 3*y - 6. Suppose -2*x - 4*t + 399 = 3*x, d = 4*t - 4. What is the tens digit of x?
7
Let l(o) = -o**2 + 8*o - 7. Let n be l(6). Let k = -115 + 114. What is the tens digit of n + -1 + (7 - k)?
1
Let f = 15 + -21. Let k be -2 + -4 + f + 10. What is the units digit of k + -3 + -1 + 66?
0
Let j(y) = -9*y + 4. Let t be j(-8). Let n = -40 + t. What is the tens digit of n?
3
Suppose 8968 = -34*a + 48136. What is the hundreds digit of a?
1
Let w(f) = f**2 - 5*f - 7. Suppose 0*m - 4*o + 44 = 4*m, m + 4*o - 11 = 0. What is the tens digit of w(m)?
5
Let y(r) = 3*r**2 + 13*r + 17. Let q(p) = -p**2 - p - 4. Let o(f) = 4*q(f) + y(f). Let s be (-2)/(-9) + 104/18. What is the tens digit of o(s)?
1
Suppose -5*t + 2*p + 441 = 0, t - 2*p + 360 = 5*t. Suppose 13*f - 219 = -t. What is the tens digit of f?
1
Let s(q) = -q + 5*q**2 + 69 + q**2 - 7*q**2 + 32. What is the tens digit of s(0)?
0
Let j(d) = -2*d**2 - 10*d - 4. Suppose -5*g - 7 - 18 = 0. Let t be j(g). What is the units digit of -3 + (0/t - -43)?
0
Let m be (1 - 0 - -1)*(-505)/10. Let d = 189 + m. What is the units digit of d?
8
Let l(f) = -2*f + 2. Let h(x) = 2*x - 8. Let p be h(4). Let g be l(p). Suppose g*d = -6 + 56. What is the units digit of d?
5
Let x(a) = a**3 - a**2 - 14*a + 44. What is the units digit of x(4)?
6
Suppose -4*c = -8*c - 152. Let r = -10 - c. What is the tens digit of r?
2
Suppose -s = -0*a - a + 2267, 6*a - 13586 = -2*s. What is the thousands digit of a?
2
What is the tens digit of 6/24 + 951/4?
3
Suppose -573 = 4*t - 3*y - 2*y, 0 = 3*t - 3*y + 429. Let f = t + 411. What is the units digit of f?
9
Let d(o) = 3*o**2 + o + 11. Let g be d(5). Suppose -2*j = -3*n - 63, -j - 3*j - n = -g. Suppose j = z + 2*z. What is the units digit of z?
8
Let g = -1960 + 3060. What is the thousands digit of g?
1
Let o = -666 + 20. What is the hundreds digit of o/(-4) - 2 - 8/16?
1
Suppose -4*r + 7*r = -78. Let h = r - -32. Suppose 3*u = h*u - 198. What is the units digit of u?
6
Let r = 1554 + -829. What is the units digit of r?
5
Suppose -22*j = -13*j - 621. What is the units digit of j?
9
Let x = -18 - -21. Suppose x*s + k = 84, -2*s - k + 17 + 40 = 0. Suppose -4*l - 3*m + s = 3, -5*m + 11 = -3*l. What is the units digit of l?
3
Suppose 3*u = 0, 2*u = 4*h + 3*u - 876. Suppose 11*a - h = 430. What is the units digit of a?
9
Let w = 4 + 9. Let g = 80 + -41. Suppose 4*m = g + w. What is the tens digit of m?
1
Let w = 163 - -314. What is the tens digit of w?
7
Let n = -767 - -2213. What is the tens digit of n?
4
What is the units digit of (5488/5)/7 + 6/30?
7
Let h = -20 + 31. Let u(q) be the first derivative of q**4/4 - 11*q**3/3 + 5*q**2/2 - 9*q + 12. What is the units digit of u(h)?
6
Let t(j) = 14 + 5*j + 4 + 12. What is the units digit of t(10)?
0
Suppose 5*m - 488 = -2*s, -3*s + 0*s - 84 = -m. What is the units digit of m?
6
Suppose z - 1 = 5*y - 2, -10 = -5*y. Suppose z - 3 = 2*a. What is the units digit of a/(-12)*0 - -2?
2
Let n(k) = 6*k. Let v be n(2). Suppose 3*f = 7*f - v. Suppose -f*a + 68 = -4. What is the tens digit of a?
2
What is the hundreds digit of ((-36)/(-48))/((-2)/8) - -301?
2
Let q(o) = -451*o + 24. What is the tens digit of q(-2)?
2
Let o(v) = -61*v + 92. What is the thousands digit of o(-15)?
1
What is the hundreds digit of (-347)/4*4*-1?
3
Let i = 69 - -28. Suppose -4*l + 5*h + 56 + 45 = 0, 4*l - i = h. Suppose l = 3*z - 45. What is the tens digit of z?
2
Let f = -31 - -34. Let l(w) = 23*w - 3. What is the tens digit of l(f)?
6
Let s(m) = -m**3 - 8*m**2 - 7*m + 6. Let h be s(-7). Let t(f) = -f**3 + 6*f**2 + 4*f - 6. Let n be t(h). What is the units digit of 9/n - 70/(-4)?
8
Let y = -19 + 27. What is the units digit of (-5)/(20/y) - -46?
4
Suppose -8*l + 12*l - 3476 = 0. What is the hundreds digit of l?
8
Let j = 17 + -76. What is the units digit of j/((-6)/3 + 1)?
9
Suppose 2*d - t - 2074 + 113 = 0, 0 = 2*d + 5*t - 1967. What is the hundreds digit of d?
9
Let z = 10 + -25. Let g = 9 + z. What is the units digit of ((-9)/g - 1)*60?
0
Let m = 99 + -97. Suppose m*x - 202 = x - 4*z, x - 3*z - 167 = 0. What is the units digit of x?
2
Let r(o) = -o**3 - 5*o**2 + 4*o - 7. Let c be r(-6). Suppose 6*m + 40 = 5*q + m, 0 = q + c*m + 16. Suppose -3 = i - q*i. What is the units digit of i?
1
What is the tens digit of 2/(-6) + 12254/33?
7
Let t = 79 + 